{"id":1611,"date":"2024-03-27T17:09:32","date_gmt":"2024-03-27T13:09:32","guid":{"rendered":"https:\/\/www.veterans.re\/?page_id=1611"},"modified":"2026-02-21T21:17:46","modified_gmt":"2026-02-21T17:17:46","slug":"ag-2023","status":"publish","type":"page","link":"https:\/\/www.veterans.re\/index.php\/ag-2023\/","title":{"rendered":"AG 2024"},"content":{"rendered":"\n<p class=\"has-vivid-cyan-blue-color has-text-color has-link-color wp-elements-b438bdf00afa60edb104054fb9821fa5\"><strong>Le 24 MARS 2024<\/strong><\/p>\n\n\n\n<p>Proc\u00e8s-verbal de l\u2019Assembl\u00e9e G\u00e9n\u00e9rale 2023<br>de MI AIME MON MUSE<\/p>\n\n\n\n<figure class=\"wp-block-image size-large\"><img fetchpriority=\"high\" decoding=\"async\" width=\"1024\" height=\"768\" src=\"https:\/\/www.veterans.re\/wp-content\/uploads\/2024\/03\/IMG_7707-1024x768.jpg\" alt=\"\" class=\"wp-image-1615\" srcset=\"https:\/\/www.veterans.re\/wp-content\/uploads\/2024\/03\/IMG_7707-1024x768.jpg 1024w, https:\/\/www.veterans.re\/wp-content\/uploads\/2024\/03\/IMG_7707-scaled-500x375.jpg 500w, https:\/\/www.veterans.re\/wp-content\/uploads\/2024\/03\/IMG_7707-scaled-700x525.jpg 700w, https:\/\/www.veterans.re\/wp-content\/uploads\/2024\/03\/IMG_7707-300x225.jpg 300w, https:\/\/www.veterans.re\/wp-content\/uploads\/2024\/03\/IMG_7707-768x576.jpg 768w, https:\/\/www.veterans.re\/wp-content\/uploads\/2024\/03\/IMG_7707-1536x1152.jpg 1536w, https:\/\/www.veterans.re\/wp-content\/uploads\/2024\/03\/IMG_7707-2048x1536.jpg 2048w\" sizes=\"(max-width: 1024px) 100vw, 1024px\" \/><\/figure>\n\n\n\n<p>L\u2019Assembl\u00e9e G\u00e9n\u00e9rale de l\u2019ann\u00e9e 2023 de l\u2019association MI AIME MON MUSE s\u2019est<br>tenue dans les locaux de l\u2019association, le dimanche 24 mars 2024.<br>10h00: accueil des adh\u00e9rents par les membres du bureau.<br>10h30: avec 26 participants le quorum est atteint, l\u2019Assembl\u00e9e G\u00e9n\u00e9rale peut avoir<br>lieu en appliquant l\u2019ordre du jour.<\/p>\n\n\n\n<p class=\"has-vivid-cyan-blue-color has-text-color has-link-color has-medium-font-size wp-elements-3b258c03723a5b964ac1b91514e37b03\">ORDRE DU JOUR<br>\uf0b7 ACCUEIL, FORMALITES ADMINISTRATIVES.<br>\uf0b7 MOT D\u2019ACCUEIL ET RAPPORT MORAL DU PRESIDENT.<br>\uf0b7 RAPPORT D\u2019ACTIVITES 2023 PAR LE SECRETAIRE.<br>\uf0b7 BILAN FINANCIER 2023 PAR LE TRESORIER.<br>\uf0b7 ACTIVITES 2024<br>\uf0b7 QUESTIONS DIVERSES.<br>\uf0b7 CLOTURE DE L\u2019AG 2023.<br>\uf0b7 POT DE L\u2019AMITIE OFFERT PAR L\u2019ASSOCIATION SUIVI D\u2019UN REPAS PARTAGE.<\/p>\n\n\n\n<p>MOT D\u2019ACCUEIL par le Pr\u00e9sident et le Vice-Pr\u00e9sident&nbsp;:<\/p>\n\n\n\n<p>Le pr\u00e9sident, Monsieur Yves MILLET, remercie les membres du bureau et les<br>adh\u00e9rents pour leur pr\u00e9sence \u00e0 cette Assembl\u00e9e G\u00e9n\u00e9rale. Sans attendre il annonce<br>la bonne nouvelle&nbsp;: le maire du TAMPON, M. THIEN-AH-KOON, a fait part \u00e0<br>l\u2019association de son intention d\u2019aider financi\u00e8rement le MUSEE DES VETERANS pour<br>une ouverture avant la fin de l\u2019ann\u00e9e. Il pr\u00e9sente ensuite les membres du bureau<br>pour les nouveaux adh\u00e9rents puis apporte les renseignements n\u00e9cessaires \u00e0 propos<\/p>\n\n\n\n<p>des cartes d\u2019adh\u00e9sions. Il expose l\u2019historique de l\u2019association et \u00e9num\u00e8re la liste des<br>personnalit\u00e9s qui ont visit\u00e9 le site et celle de nos partenaires (Groupe d\u2019Action Local<br>pr\u00e9sid\u00e9 par M. VALLY, la soci\u00e9t\u00e9 SIGNATURE ALU de M. YVON Rapha\u00ebl et la soci\u00e9t\u00e9<br>ITEG de M. DI-PIAZZA Richard). Le pr\u00e9sident remercie chaleureusement M. DI-<br>PIAZZA Richard pour son implication dans le projet (\u00e9tudes, plans et devis) et dans<br>les travaux. Le plan en 3D et le film de ce plan sont montr\u00e9s aux adh\u00e9rents. Le vice-<br>pr\u00e9sident, M. GONTHIER Charles Emile apporte quelques pr\u00e9cisions sur l\u2019aide de la<br>commune du TAMPON \u00e0 la cr\u00e9ation du MUSEE DES VETERANS.<br>Afin de mieux faire connaissance avec les nouveaux venus, chacun des adh\u00e9rents se<br>pr\u00e9sente rapidement (nom, pr\u00e9nom et situation actuelle).<br>La parole est ensuite donn\u00e9e \u00e0 M. NIVAROSA Fr\u00e9d\u00e9rick, Pr\u00e9sident de l\u2019ARBA<br>(Association R\u00e9unionnaise des Bless\u00e9s des Arm\u00e9es), pour expliquer aux adh\u00e9rents le<br>principe du MUSEE ITINERANT qui sous sa responsabilit\u00e9 et son action passe dans<br>les \u00e9tablissements scolaires de la R\u00e9union en commen\u00e7ant par l\u2019est. Il informe<br>\u00e9galement l\u2019assembl\u00e9e que la Flamme du Soldat Inconnu (rest\u00e9e \u00e0 la R\u00e9union apr\u00e8s<br>son passage dans les villes de l\u2019\u00eele) et son support seront expos\u00e9es dans le mus\u00e9e.<br>M. MILLET Yves ach\u00e8ve cette intervention en remerciant les donateurs de mat\u00e9riel&nbsp;:<\/p>\n\n\n\n<ul class=\"wp-block-list\">\n<li>Mme MONIE, M. BALDY et M. BOMEL pour les journaux de la Seconde Guerre<br>Mondiale.<\/li>\n\n\n\n<li>M. YVON Raphael pour la pose de vitres sur les pr\u00e9sentoirs du MUSEE ITINERANT<br>(pour remplacer les plaques de Plexiglas trop fragiles) et pour le don de mat\u00e9riel de<br>la Guerre du Golfe (masque \u00e0 gaz irakien, gilet pare \u00e9clat TTA F2 et casque F1).<\/li>\n\n\n\n<li>M. PARILLAUD Michel pour le couteau de nettoyeur de tranch\u00e9e US.<\/li>\n<\/ul>\n\n\n\n<p class=\"has-vivid-cyan-blue-color has-text-color has-link-color has-medium-font-size wp-elements-cc53bc59df6f6c9f2492c049a6901dd4\">RAPPORT D&rsquo;ACTIVITES 2023 par le Secr\u00e9taire&nbsp;:<\/p>\n\n\n\n<p>Le secr\u00e9taire, Monsieur Philippe LE PIMPEC, pr\u00e9sente les diff\u00e9rentes activit\u00e9s de<br>l\u2019association&nbsp;:<\/p>\n\n\n\n<ul class=\"wp-block-list\">\n<li>Le Loto Quine qui a d\u00fb \u00eatre annul\u00e9 puisqu\u2019il n\u2019a pas \u00e9t\u00e9 possible de trouver<br>une salle.<\/li>\n\n\n\n<li>Les conf\u00e9rences sur les deux conflits mondiaux dans les coll\u00e8ges et lyc\u00e9es.<\/li>\n\n\n\n<li>Les Journ\u00e9es Portes Ouvertes au RSMA de TERRE SAINTE les 12,13 et 14 mai<br>2023.<\/li>\n\n\n\n<li>Les Journ\u00e9es Portes Ouvertes au 2 \u00e8me RPIMa les 3 et 4 juin 2023.<\/li>\n\n\n\n<li>Les Journ\u00e9es D\u00e9fense et Citoyennet\u00e9 \u00e0 TROIS BASSINS les 19 et 20<br>septembre 2023.<\/li>\n<\/ul>\n\n\n\n<p class=\"has-vivid-cyan-blue-color has-text-color has-link-color has-medium-font-size wp-elements-836f53280bab9b0c3c74f03f2805b753\">BILAN FINANCIER par le Tr\u00e9sorier&nbsp;:<\/p>\n\n\n\n<p>M. DI-PIAZZA Richard pr\u00e9sente le bilan financier de l&rsquo;ann\u00e9e 2023. Celui-ci s\u2019av\u00e8re<br>n\u00e9gatif (-123.80 \u20ac) puisque l\u2019association est en attente du reliquat de la subvention<br>communale (qui sera vers\u00e9 une fois que l\u2019association aura fourni le PV de l\u2019AG 2023).<br>Les d\u00e9penses occasionn\u00e9es pour la r\u00e9fection des locaux de l\u2019association sont tir\u00e9es<br>des rentr\u00e9es financi\u00e8res engendr\u00e9es par les pr\u00e9sentations dans les coll\u00e8ges.<br>Le QUITUS financier est accept\u00e9 \u00e0 l&rsquo;unanimit\u00e9.<\/p>\n\n\n\n<p class=\"has-vivid-cyan-blue-color has-text-color has-link-color has-medium-font-size wp-elements-4207d7c4b9da8bf82d9d364febe9bae0\">PREVISIONS D&rsquo;ACTIVITES 2024<\/p>\n\n\n\n<p>Le Pr\u00e9sident, M. MILLET Yves pr\u00e9sente les activit\u00e9s pr\u00e9vues \u00e0 ce jour pour l\u2019ann\u00e9e<br>2024&nbsp;:<\/p>\n\n\n\n<ul class=\"wp-block-list\">\n<li>Conf\u00e9rences dans les lyc\u00e9es de BOISJOLY POTIER et de TROIS MARES (au travers<br>du Pass Culture).<\/li>\n\n\n\n<li>Le MUSEE ITINERANT avec l\u2019ARBA dans les coll\u00e8ges, lyc\u00e9es et URMA.<\/li>\n\n\n\n<li>Pr\u00e9paration du projet pour les travaux \u00e0 venir, le 24 f\u00e9vrier 2024.<\/li>\n\n\n\n<li>Premiers travaux pour la cr\u00e9ation du MUSEE DES VETERANS (d\u00e9montages des<br>plafonds et des poutres, d\u00e9montage de l\u2019ancienne installation \u00e9lectrique, des<br>armoires \u00e9lectriques et des chemins de cables).<br>Plusieurs photos des travaux en cours sont montr\u00e9es aux adh\u00e9rents.<br>Il pr\u00e9sente ensuite le projet de l\u2019affiche de fa\u00e7ade du mus\u00e9e r\u00e9alis\u00e9e par M.<br>FONTAINE Eric. Quelques propositions de modifications sont faites, notamment<br>d\u2019ajouter sur ce panneau les visages de M. PICARD Fr\u00e9do, de Mme JAUZELON<br>Marguerite et de Mme DURIEUX. Ces modifications permettront de finalier cette<br>affiche.<br>En conclusion le Pr\u00e9sident r\u00e9it\u00e8re aux adh\u00e9rents l\u2019annonce de l\u2019ouverture prochaine<br>du MUSEE DES VETERANS qui cr\u00e9era deux emplois, sans pr\u00e9ciser de date.<\/li>\n<\/ul>\n\n\n\n<p class=\"has-vivid-cyan-blue-color has-text-color has-link-color has-medium-font-size wp-elements-091d10de1c12a48c359cc10b836acc70\">QUESTIONS DIVERSES ET PROPOSITIONS<\/p>\n\n\n\n<p>Pas de questions.<\/p>\n\n\n\n<p class=\"has-vivid-cyan-blue-color has-text-color has-link-color has-medium-font-size wp-elements-beb0e5a613421f6f3c2bc2eb74afe176\">CLOTURE DE L&rsquo;ASSEMBLEE GENERALE<\/p>\n\n\n\n<p>12H30: Pour conclure cette Assembl\u00e9e G\u00e9n\u00e9rale, les adh\u00e9rents se retrouvent autour<br>d\u2019un pot de l\u2019amiti\u00e9 offert par l\u2019association puis d\u2019un repas partage<\/p>\n\n\n\n<p class=\"has-vivid-cyan-blue-color has-text-color has-link-color has-medium-font-size wp-elements-343c3510085b252cf0cf796f9d02109d\">COMPOSITION DU BUREAU<\/p>\n\n\n\n<p>Pr\u00e9sident : Monsieur Yves MILLET<br>Vice-pr\u00e9sident : Monsieur Charles Emile GONTHIER<br>Tr\u00e9sorier : Monsieur Richard DI-PIAZZA<br>Secr\u00e9taire : Monsieur Philippe LE PIMPEC<\/p>\n\n\n\n<p>Fait au Tampon,<br>Le 25 mars 2024<br><\/p>\n\n\n\n<hr class=\"wp-block-separator has-alpha-channel-opacity\"\/>\n\n\n\n<div style=\"height:100px\" aria-hidden=\"true\" class=\"wp-block-spacer\"><\/div>\n\n\n\n<p class=\"has-vivid-cyan-blue-color has-text-color has-link-color has-medium-font-size wp-elements-007dfff8c03bb4191e3e3bae3dd0cf6d\">Suivi d&rsquo;un repas de partage<\/p>\n\n\n\n<div class=\"wp-block-ftg-gallery\"><!-- Final Tiles Grid Gallery for WordPress v3.6.13 free --><style>#ftg-11 .tile .icon { color:#ffffff; }#ftg-11 .ftg-items .loading-bar i { background:#666; }#ftg-11 .ftg-items .loading-bar { background:#fff; }#ftg-11 .tile .icon { font-size:12px; }#ftg-11 .tile .icon { margin: -6px 0 0 -6px; }#ftg-11 .tile .caption-block .text-wrapper span.text { font-size:12px; }#ftg-11 .tile .caption-outside .text-wrapper span.text { font-size:12px; }#ftg-11 .tile .caption-block .text-wrapper span.title { font-size:14px; }#ftg-11 .tile .caption-outside .text-wrapper span.title { font-size:14px; }#ftg-11 .tile { background-color: transparent; }#ftg-11 .tile .caption-block .text-wrapper span.text { color: #ffffff; }#ftg-11 .tile .caption-block .text-wrapper span.title { color: #ffffff; }#ftg-11 .tile .caption-outside .text-wrapper span.text { color: #ffffff; }#ftg-11 .tile .caption-outside .text-wrapper span.title { color: #ffffff; }#ftg-11 .tile .ftg-social a { color: #ffffff; }#ftg-11 .tile .caption-block { transition-timing-function:linear; }#ftg-11 .tile .caption-block { transition-duration:0.25s; }#ftg-11 .tile .tile-inner:before { background-color: #000000; }#ftg-11 .tile .tile-inner:before { background-color: rgba(0, 0, 0, 0.8); }<\/style><a name=\"1\"><\/a><div class=\"final-tiles-gallery  ftg-hover-enabled caption-inside  caption-none caption-middle caption-center\" id=\"ftg-11\" style=\"width: 100%\"><div class='ftg-items'><div class='loading-bar'><i><\/i><\/div><div  class='tile ftg-preload  '><a title=\"IMG_7717\" data-lightbox='ftg-11' rel='ftg-11'  class=' tile-inner  ftg-lightbox' href='https:\/\/www.veterans.re\/wp-content\/uploads\/2024\/03\/IMG_7717-768x1024.jpg' ><img alt='IMG_7717' class='item skip-lazy' data-class='item' data-ftg-source='https:\/\/www.veterans.re\/wp-content\/uploads\/2024\/03\/IMG_7717-768x1024.jpg' src='https:\/\/www.veterans.re\/wp-content\/uploads\/2024\/03\/IMG_7717-768x1024.jpg' width='768' height='1024' \/><span class='icon fa fa-zoom'><\/span><div class='caption-block'><div class='text-wrapper'><span class='title'>IMG_7717<\/span><\/div><\/div><\/a><div class='ftg-social'><\/div><\/div><div  class='tile ftg-preload  '><a title=\"IMG_7716\" data-lightbox='ftg-11' rel='ftg-11'  class=' tile-inner  ftg-lightbox' href='https:\/\/www.veterans.re\/wp-content\/uploads\/2024\/03\/IMG_7716-1024x768.jpg' ><img alt='IMG_7716' class='item skip-lazy' data-class='item' data-ftg-source='https:\/\/www.veterans.re\/wp-content\/uploads\/2024\/03\/IMG_7716-1024x768.jpg' src='https:\/\/www.veterans.re\/wp-content\/uploads\/2024\/03\/IMG_7716-1024x768.jpg' width='1024' height='768' \/><span class='icon fa fa-zoom'><\/span><div class='caption-block'><div class='text-wrapper'><span class='title'>IMG_7716<\/span><\/div><\/div><\/a><div class='ftg-social'><\/div><\/div><div  class='tile ftg-preload  '><a title=\"IMG_7715\" data-lightbox='ftg-11' rel='ftg-11'  class=' tile-inner  ftg-lightbox' href='https:\/\/www.veterans.re\/wp-content\/uploads\/2024\/03\/IMG_7715-1024x768.jpg' ><img alt='IMG_7715' class='item skip-lazy' data-class='item' data-ftg-source='https:\/\/www.veterans.re\/wp-content\/uploads\/2024\/03\/IMG_7715-1024x768.jpg' src='https:\/\/www.veterans.re\/wp-content\/uploads\/2024\/03\/IMG_7715-1024x768.jpg' width='1024' height='768' \/><span class='icon fa fa-zoom'><\/span><div class='caption-block'><div class='text-wrapper'><span class='title'>IMG_7715<\/span><\/div><\/div><\/a><div class='ftg-social'><\/div><\/div><div  class='tile ftg-preload  '><a title=\"IMG_7714\" data-lightbox='ftg-11' rel='ftg-11'  class=' tile-inner  ftg-lightbox' href='https:\/\/www.veterans.re\/wp-content\/uploads\/2024\/03\/IMG_7714-1024x768.jpg' ><img alt='IMG_7714' class='item skip-lazy' data-class='item' data-ftg-source='https:\/\/www.veterans.re\/wp-content\/uploads\/2024\/03\/IMG_7714-1024x768.jpg' src='https:\/\/www.veterans.re\/wp-content\/uploads\/2024\/03\/IMG_7714-1024x768.jpg' width='1024' height='768' \/><span class='icon fa fa-zoom'><\/span><div class='caption-block'><div class='text-wrapper'><span class='title'>IMG_7714<\/span><\/div><\/div><\/a><div class='ftg-social'><\/div><\/div><div  class='tile ftg-preload  '><a title=\"IMG_7713\" data-lightbox='ftg-11' rel='ftg-11'  class=' tile-inner  ftg-lightbox' href='https:\/\/www.veterans.re\/wp-content\/uploads\/2024\/03\/IMG_7713-1024x768.jpg' ><img alt='IMG_7713' class='item skip-lazy' data-class='item' data-ftg-source='https:\/\/www.veterans.re\/wp-content\/uploads\/2024\/03\/IMG_7713-1024x768.jpg' src='https:\/\/www.veterans.re\/wp-content\/uploads\/2024\/03\/IMG_7713-1024x768.jpg' width='1024' height='768' \/><span class='icon fa fa-zoom'><\/span><div class='caption-block'><div class='text-wrapper'><span class='title'>IMG_7713<\/span><\/div><\/div><\/a><div class='ftg-social'><\/div><\/div><div  class='tile ftg-preload  '><a title=\"IMG_7712\" data-lightbox='ftg-11' rel='ftg-11'  class=' tile-inner  ftg-lightbox' href='https:\/\/www.veterans.re\/wp-content\/uploads\/2024\/03\/IMG_7712-1024x768.jpg' ><img alt='IMG_7712' class='item skip-lazy' data-class='item' data-ftg-source='https:\/\/www.veterans.re\/wp-content\/uploads\/2024\/03\/IMG_7712-1024x768.jpg' src='https:\/\/www.veterans.re\/wp-content\/uploads\/2024\/03\/IMG_7712-1024x768.jpg' width='1024' height='768' \/><span class='icon fa fa-zoom'><\/span><div class='caption-block'><div class='text-wrapper'><span class='title'>IMG_7712<\/span><\/div><\/div><\/a><div class='ftg-social'><\/div><\/div><div  class='tile ftg-preload  '><a title=\"IMG_7711\" data-lightbox='ftg-11' rel='ftg-11'  class=' tile-inner  ftg-lightbox' href='https:\/\/www.veterans.re\/wp-content\/uploads\/2024\/03\/IMG_7711-1024x768.jpg' ><img alt='IMG_7711' class='item skip-lazy' data-class='item' data-ftg-source='https:\/\/www.veterans.re\/wp-content\/uploads\/2024\/03\/IMG_7711-1024x768.jpg' src='https:\/\/www.veterans.re\/wp-content\/uploads\/2024\/03\/IMG_7711-1024x768.jpg' width='1024' height='768' \/><span class='icon fa fa-zoom'><\/span><div class='caption-block'><div class='text-wrapper'><span class='title'>IMG_7711<\/span><\/div><\/div><\/a><div class='ftg-social'><\/div><\/div><div  class='tile ftg-preload  '><a title=\"IMG_7709\" data-lightbox='ftg-11' rel='ftg-11'  class=' tile-inner  ftg-lightbox' href='https:\/\/www.veterans.re\/wp-content\/uploads\/2024\/03\/IMG_7709-768x1024.jpg' ><img alt='IMG_7709' class='item skip-lazy' data-class='item' data-ftg-source='https:\/\/www.veterans.re\/wp-content\/uploads\/2024\/03\/IMG_7709-768x1024.jpg' src='https:\/\/www.veterans.re\/wp-content\/uploads\/2024\/03\/IMG_7709-768x1024.jpg' width='768' height='1024' \/><span class='icon fa fa-zoom'><\/span><div class='caption-block'><div class='text-wrapper'><span class='title'>IMG_7709<\/span><\/div><\/div><\/a><div class='ftg-social'><\/div><\/div><div  class='tile ftg-preload  '><a title=\"IMG_7708\" data-lightbox='ftg-11' rel='ftg-11'  class=' tile-inner  ftg-lightbox' href='https:\/\/www.veterans.re\/wp-content\/uploads\/2024\/03\/IMG_7708-768x1024.jpg' ><img alt='IMG_7708' class='item skip-lazy' data-class='item' data-ftg-source='https:\/\/www.veterans.re\/wp-content\/uploads\/2024\/03\/IMG_7708-768x1024.jpg' src='https:\/\/www.veterans.re\/wp-content\/uploads\/2024\/03\/IMG_7708-768x1024.jpg' width='768' height='1024' \/><span class='icon fa fa-zoom'><\/span><div class='caption-block'><div class='text-wrapper'><span class='title'>IMG_7708<\/span><\/div><\/div><\/a><div class='ftg-social'><\/div><\/div><div  class='tile ftg-preload  '><a title=\"IMG_7707\" data-lightbox='ftg-11' rel='ftg-11'  class=' tile-inner  ftg-lightbox' href='https:\/\/www.veterans.re\/wp-content\/uploads\/2024\/03\/IMG_7707-1024x768.jpg' ><img alt='IMG_7707' class='item skip-lazy' data-class='item' data-ftg-source='https:\/\/www.veterans.re\/wp-content\/uploads\/2024\/03\/IMG_7707-1024x768.jpg' src='https:\/\/www.veterans.re\/wp-content\/uploads\/2024\/03\/IMG_7707-1024x768.jpg' width='1024' height='768' \/><span class='icon fa fa-zoom'><\/span><div class='caption-block'><div class='text-wrapper'><span class='title'>IMG_7707<\/span><\/div><\/div><\/a><div class='ftg-social'><\/div><\/div><div  class='tile ftg-preload  '><a title=\"IMG_7718\" data-lightbox='ftg-11' rel='ftg-11'  class=' tile-inner  ftg-lightbox' href='https:\/\/www.veterans.re\/wp-content\/uploads\/2024\/03\/IMG_7718-1024x768.jpg' ><img alt='IMG_7718' class='item skip-lazy' data-class='item' data-ftg-source='https:\/\/www.veterans.re\/wp-content\/uploads\/2024\/03\/IMG_7718-1024x768.jpg' src='https:\/\/www.veterans.re\/wp-content\/uploads\/2024\/03\/IMG_7718-1024x768.jpg' width='1024' height='768' \/><span class='icon fa fa-zoom'><\/span><div class='caption-block'><div class='text-wrapper'><span class='title'>IMG_7718<\/span><\/div><\/div><\/a><div class='ftg-social'><\/div><\/div><\/div><\/div><\/div>\n\n\n\n<div style=\"height:100px\" aria-hidden=\"true\" class=\"wp-block-spacer\"><\/div>\n\n\n\n<p class=\"has-vivid-cyan-blue-color has-text-color has-link-color has-medium-font-size wp-elements-e6a8daf10258f33c3e07cf744607f1b1\">Petite vid\u00e9o d&rsquo;une minute &#8230;!<\/p>\n\n\n\n<figure class=\"wp-block-video\"><video height=\"1080\" style=\"aspect-ratio: 1920 \/ 1080;\" width=\"1920\" controls src=\"https:\/\/www.veterans.re\/wp-content\/uploads\/2024\/03\/IMG_7720.mov\"><\/video><\/figure>\n","protected":false},"excerpt":{"rendered":"<p>Le 24 MARS 2024 Proc\u00e8s-verbal de l\u2019Assembl\u00e9e G\u00e9n\u00e9rale 2023de MI AIME MON MUSE L\u2019Assembl\u00e9e G\u00e9n\u00e9rale de l\u2019ann\u00e9e 2023 de l\u2019association MI AIME MON MUSE s\u2019esttenue dans les locaux de l\u2019association, le dimanche 24 mars 2024.10h00: accueil des adh\u00e9rents par les membres du bureau.10h30: avec 26 participants le quorum est atteint, l\u2019Assembl\u00e9e G\u00e9n\u00e9rale peut avoirlieu en appliquant l\u2019ordre du jour. ORDRE DU JOUR\uf0b7 ACCUEIL, FORMALITES ADMINISTRATIVES.\uf0b7 MOT D\u2019ACCUEIL ET RAPPORT MORAL DU PRESIDENT.\uf0b7 RAPPORT D\u2019ACTIVITES 2023 PAR LE SECRETAIRE.\uf0b7 BILAN FINANCIER 2023 PAR LE TRESORIER.\uf0b7 ACTIVITES 2024\uf0b7 QUESTIONS DIVERSES.\uf0b7 CLOTURE DE L\u2019AG 2023.\uf0b7 POT DE L\u2019AMITIE OFFERT PAR L\u2019ASSOCIATION SUIVI D\u2019UN&#8230; <\/p>\n","protected":false},"author":1,"featured_media":0,"parent":0,"menu_order":0,"comment_status":"closed","ping_status":"closed","template":"template-full-width.php","meta":{"footnotes":""},"class_list":["post-1611","page","type-page","status-publish","hentry"],"_links":{"self":[{"href":"https:\/\/www.veterans.re\/index.php\/wp-json\/wp\/v2\/pages\/1611","targetHints":{"allow":["GET"]}}],"collection":[{"href":"https:\/\/www.veterans.re\/index.php\/wp-json\/wp\/v2\/pages"}],"about":[{"href":"https:\/\/www.veterans.re\/index.php\/wp-json\/wp\/v2\/types\/page"}],"author":[{"embeddable":true,"href":"https:\/\/www.veterans.re\/index.php\/wp-json\/wp\/v2\/users\/1"}],"replies":[{"embeddable":true,"href":"https:\/\/www.veterans.re\/index.php\/wp-json\/wp\/v2\/comments?post=1611"}],"version-history":[{"count":11,"href":"https:\/\/www.veterans.re\/index.php\/wp-json\/wp\/v2\/pages\/1611\/revisions"}],"predecessor-version":[{"id":2512,"href":"https:\/\/www.veterans.re\/index.php\/wp-json\/wp\/v2\/pages\/1611\/revisions\/2512"}],"wp:attachment":[{"href":"https:\/\/www.veterans.re\/index.php\/wp-json\/wp\/v2\/media?parent=1611"}],"curies":[{"name":"wp","href":"https:\/\/api.w.org\/{rel}","templated":true}]}}