{"id":2247,"date":"2025-08-10T12:38:29","date_gmt":"2025-08-10T08:38:29","guid":{"rendered":"https:\/\/www.veterans.re\/?page_id=2247"},"modified":"2026-04-27T20:38:18","modified_gmt":"2026-04-27T16:38:18","slug":"accueil-2","status":"publish","type":"page","link":"https:\/\/www.veterans.re\/","title":{"rendered":"Accueil"},"content":{"rendered":"\n<h2 class=\"wp-block-heading has-text-align-center\">G\u00e9olocalisation : Mi aime mon Mus\u00e9e 2026<\/h2>\n\n\n\n<figure class=\"wp-block-embed is-type-video is-provider-youtube wp-block-embed-youtube wp-embed-aspect-16-9 wp-has-aspect-ratio\"><div class=\"wp-block-embed__wrapper\">\n<iframe title=\"G\u00e9olocalisation : Mi aime mon Mus\u00e9e 2026\" width=\"500\" height=\"281\" src=\"https:\/\/www.youtube.com\/embed\/jsKLCehoX_o?feature=oembed\" frameborder=\"0\" allow=\"accelerometer; autoplay; clipboard-write; encrypted-media; gyroscope; picture-in-picture; web-share\" referrerpolicy=\"strict-origin-when-cross-origin\" allowfullscreen><\/iframe>\n<\/div><\/figure>\n\n\n\n<div style=\"height:100px\" aria-hidden=\"true\" class=\"wp-block-spacer\"><\/div>\n\n\n\n<h2 class=\"wp-block-heading has-text-align-center\">Journ\u00e9e coh\u00e9sion du 30 novembre 2025<\/h2>\n\n\n\n<figure class=\"wp-block-embed is-type-video is-provider-youtube wp-block-embed-youtube wp-embed-aspect-16-9 wp-has-aspect-ratio\"><div class=\"wp-block-embed__wrapper\">\n<iframe title=\"Concours de p\u00e9tanque Mi Aime Mon Mus\u00e9e du 30 novembre 2025, Cr\u00e9@tion Yves MILLET.\" width=\"500\" height=\"281\" src=\"https:\/\/www.youtube.com\/embed\/2PV5z4ZIalg?feature=oembed\" frameborder=\"0\" allow=\"accelerometer; autoplay; clipboard-write; encrypted-media; gyroscope; picture-in-picture; web-share\" referrerpolicy=\"strict-origin-when-cross-origin\" allowfullscreen><\/iframe>\n<\/div><\/figure>\n\n\n\n<div style=\"height:100px\" aria-hidden=\"true\" class=\"wp-block-spacer\"><\/div>\n\n\n\n<h3 class=\"wp-block-heading has-text-align-center has-medium-font-size\"><strong>Lancement du Projet le 7 Avril 2017<\/strong><\/h3>\n\n\n\n<p>R\u00e9alisation de l&rsquo;avant projet : \u00c9tude approfondie et planification strat\u00e9gique de toutes les \u00e9tapes n\u00e9cessaires \u00e0 sa r\u00e9alisation.<\/p>\n\n\n\n<p>**Nota : Dans ce site, les sch\u00e9mas de principe de conception des pi\u00e8ces de l&rsquo;avant-projet du futur mus\u00e9e des V\u00e9t\u00e9rans ne respectent pas les proportions exactes et les figurines qui y sont repr\u00e9sent\u00e9es sont seulement indicatives et destin\u00e9es \u00e0 donner une id\u00e9e g\u00e9n\u00e9rale des <strong><a href=\"https:\/\/www.veterans.re\/index.php\/plans-du-projet\/\">Plans du futur projet<\/a><\/strong>. Il est important de noter que ces illustrations servent principalement \u00e0 fournir une vue d&rsquo;ensemble et ne doivent pas \u00eatre interpr\u00e9t\u00e9es comme des rendus d\u00e9finitifs ou des mod\u00e8les pr\u00e9cis de l&rsquo;architecture qui sera finalement r\u00e9alis\u00e9e.**<\/p>\n\n\n\n<p class=\"has-cyan-bluish-gray-color has-text-color has-link-color wp-elements-b56b4045ab8ca9e7b26f1d45b84eca2b\">Yves MILLET, [<em><strong>Pr\u00e9sident<\/strong><\/em>], conseiller du projet, r\u00e9alisations multim\u00e9dias graphiques.<\/p>\n\n\n\n<p class=\"has-cyan-bluish-gray-color has-text-color has-link-color wp-elements-3ab9a7249b245a9bb53bd5264ca64961\">Philippe LE PIMPEC [<em><strong>Secr\u00e9taire<\/strong><\/em>], Propri\u00e9taire du b\u00e2timent, collectionneur, recherches historiques, \u00e9laboration du PSC.<\/p>\n\n\n\n<p class=\"has-vivid-green-cyan-color has-text-color has-link-color wp-elements-18bb5026e4bf44a78cc22094355d3f7e\">Richard DI-PIAZZA, [<em><strong>Tr\u00e9sorier<\/strong><\/em>] R\u00e9dacteur dossiers techniques et <strong><a href=\"https:\/\/www.veterans.re\/index.php\/plans-du-projet\/\">r\u00e9alisation des plans 2D<\/a><\/strong>, 3D, responsable des travaux, achats des mat\u00e9riels.<\/p>\n\n\n\n<p class=\"has-cyan-bluish-gray-color has-text-color has-link-color wp-elements-962b69bc97accc6b441341a711e6a6c0\">Charles -Emile GONTHIER [<em><strong>Vice-Pr\u00e9sident<\/strong><\/em>], \u00e9lu et responsable D\u00e9fense de la Commune du Tampon, conseiller du projet, mise en \u0153uvre.&nbsp;<\/p>\n\n\n\n<p>A quoi sert l&rsquo;association ?<\/p>\n\n\n\n<p>L\u2019association &nbsp;\u00ab&nbsp; Mi aime mon mus\u00e9&nbsp;\u00bb a pour objet d\u2019entretenir la m\u00e9moire de l\u2019Histoire aupr\u00e8s des g\u00e9n\u00e9rations actuelles et futures en \u0153uvrant pour l\u2019ouverture (par la recherche de sponsors et de fonds), la p\u00e9rennisation et l\u2019\u00e9volution d\u2019un mus\u00e9e retra\u00e7ant les principaux conflits du 20\u00e8me si\u00e8cle&nbsp;<strong>(Premi\u00e8re et Seconde Guerres Mondiales, Guerres de D\u00e9colonisation, OPEX)<\/strong>. Le mus\u00e9e vise \u00e9galement \u00e0 \u00e9tablir des partenariats avec des \u00e9coles et des institutions \u00e9ducatives pour sensibiliser les jeunes \u00e0 l&rsquo;importance de la m\u00e9moire historique. Ce projet repose sur une collection priv\u00e9e d\u2019une centaine d\u2019armes neutralis\u00e9es, d\u2019uniformes, de 40 mannequins, de mat\u00e9riels et de documents appartenant :<\/p>\n\n\n\n<p> \u00e0&nbsp;Monsieur Philippe LE PIMPEC.<\/p>\n\n\n\n<p> Cette collection unique a \u00e9t\u00e9 constitu\u00e9e au fil des ann\u00e9es par des recherches approfondies et des acquisitions soigneusement choisies. Dans une d\u00e9marche didactique et p\u00e9dagogique l\u2019ensemble de ces objets est accompagn\u00e9 d\u2019une importante documentation et d\u2019explications qui permettront aux visiteurs d\u2019am\u00e9liorer et d\u2019enrichir leurs connaissances de l\u2019Histoire.. Des \u00e9v\u00e9nements th\u00e9matiques seront \u00e9galement organis\u00e9s r\u00e9guli\u00e8rement pour engager le public et stimuler des discussions sur les le\u00e7ons tir\u00e9es de l&rsquo;histoire.<\/p>\n\n\n\n<h2 class=\"wp-block-heading has-text-align-center\">Pr\u00e9sentation fictive en 3D<\/h2>\n\n\n\n<figure class=\"wp-block-embed is-type-video is-provider-youtube wp-block-embed-youtube wp-embed-aspect-16-9 wp-has-aspect-ratio\"><div class=\"wp-block-embed__wrapper\">\n<iframe title=\"MUSEE DES VETERANS 3D Version 2026\" width=\"500\" height=\"281\" src=\"https:\/\/www.youtube.com\/embed\/EMVHKRqhO4Y?feature=oembed\" frameborder=\"0\" allow=\"accelerometer; autoplay; clipboard-write; encrypted-media; gyroscope; picture-in-picture; web-share\" referrerpolicy=\"strict-origin-when-cross-origin\" allowfullscreen><\/iframe>\n<\/div><\/figure>\n\n\n\n<div style=\"height:100px\" aria-hidden=\"true\" class=\"wp-block-spacer\"><\/div>\n\n\n\n<p><\/p>\n","protected":false},"excerpt":{"rendered":"<p>G\u00e9olocalisation : Mi aime mon Mus\u00e9e 2026 Journ\u00e9e coh\u00e9sion du 30 novembre 2025 Lancement du Projet le 7 Avril 2017 R\u00e9alisation de l&rsquo;avant projet : \u00c9tude approfondie et planification strat\u00e9gique de toutes les \u00e9tapes n\u00e9cessaires \u00e0 sa r\u00e9alisation. **Nota : Dans ce site, les sch\u00e9mas de principe de conception des pi\u00e8ces de l&rsquo;avant-projet du futur mus\u00e9e des V\u00e9t\u00e9rans ne respectent pas les proportions exactes et les figurines qui y sont repr\u00e9sent\u00e9es sont seulement indicatives et destin\u00e9es \u00e0 donner une id\u00e9e g\u00e9n\u00e9rale des Plans du futur projet. Il est important de noter que ces illustrations servent principalement \u00e0 fournir une vue&#8230; <\/p>\n","protected":false},"author":1,"featured_media":0,"parent":0,"menu_order":0,"comment_status":"closed","ping_status":"closed","template":"template-full-width.php","meta":{"footnotes":""},"class_list":["post-2247","page","type-page","status-publish","hentry"],"_links":{"self":[{"href":"https:\/\/www.veterans.re\/index.php\/wp-json\/wp\/v2\/pages\/2247","targetHints":{"allow":["GET"]}}],"collection":[{"href":"https:\/\/www.veterans.re\/index.php\/wp-json\/wp\/v2\/pages"}],"about":[{"href":"https:\/\/www.veterans.re\/index.php\/wp-json\/wp\/v2\/types\/page"}],"author":[{"embeddable":true,"href":"https:\/\/www.veterans.re\/index.php\/wp-json\/wp\/v2\/users\/1"}],"replies":[{"embeddable":true,"href":"https:\/\/www.veterans.re\/index.php\/wp-json\/wp\/v2\/comments?post=2247"}],"version-history":[{"count":58,"href":"https:\/\/www.veterans.re\/index.php\/wp-json\/wp\/v2\/pages\/2247\/revisions"}],"predecessor-version":[{"id":2670,"href":"https:\/\/www.veterans.re\/index.php\/wp-json\/wp\/v2\/pages\/2247\/revisions\/2670"}],"wp:attachment":[{"href":"https:\/\/www.veterans.re\/index.php\/wp-json\/wp\/v2\/media?parent=2247"}],"curies":[{"name":"wp","href":"https:\/\/api.w.org\/{rel}","templated":true}]}}

<h2 class="wp-block-heading has-text-align-center">Géolocalisation : Mi aime mon Musée 2026</h2>



<figure class="wp-block-embed is-type-video is-provider-youtube wp-block-embed-youtube wp-embed-aspect-16-9 wp-has-aspect-ratio"><div class="wp-block-embed__wrapper">
<iframe title="Géolocalisation : Mi aime mon Musée 2026" width="500" height="281" src="https://www.youtube.com/embed/jsKLCehoX_o?feature=oembed" frameborder="0" allow="accelerometer; autoplay; clipboard-write; encrypted-media; gyroscope; picture-in-picture; web-share" referrerpolicy="strict-origin-when-cross-origin" allowfullscreen></iframe>
</div></figure>



<div style="height:100px" aria-hidden="true" class="wp-block-spacer"></div>



<h2 class="wp-block-heading has-text-align-center">Journée cohésion du 30 novembre 2025</h2>



<figure class="wp-block-embed is-type-video is-provider-youtube wp-block-embed-youtube wp-embed-aspect-16-9 wp-has-aspect-ratio"><div class="wp-block-embed__wrapper">
<iframe title="Concours de pétanque Mi Aime Mon Musée du 30 novembre 2025, Cré@tion Yves MILLET." width="500" height="281" src="https://www.youtube.com/embed/2PV5z4ZIalg?feature=oembed" frameborder="0" allow="accelerometer; autoplay; clipboard-write; encrypted-media; gyroscope; picture-in-picture; web-share" referrerpolicy="strict-origin-when-cross-origin" allowfullscreen></iframe>
</div></figure>



<div style="height:100px" aria-hidden="true" class="wp-block-spacer"></div>



<h3 class="wp-block-heading has-text-align-center has-medium-font-size"><strong>Lancement du Projet le 7 Avril 2017</strong></h3>



<p>Réalisation de l&rsquo;avant projet : Étude approfondie et planification stratégique de toutes les étapes nécessaires à sa réalisation.</p>



<p>**Nota : Dans ce site, les schémas de principe de conception des pièces de l&rsquo;avant-projet du futur musée des Vétérans ne respectent pas les proportions exactes et les figurines qui y sont représentées sont seulement indicatives et destinées à donner une idée générale des <strong><a href="https://www.veterans.re/index.php/plans-du-projet/">Plans du futur projet</a></strong>. Il est important de noter que ces illustrations servent principalement à fournir une vue d&rsquo;ensemble et ne doivent pas être interprétées comme des rendus définitifs ou des modèles précis de l&rsquo;architecture qui sera finalement réalisée.**</p>



<p class="has-cyan-bluish-gray-color has-text-color has-link-color wp-elements-b56b4045ab8ca9e7b26f1d45b84eca2b">Yves MILLET, [<em><strong>Président</strong></em>], conseiller du projet, réalisations multimédias graphiques.</p>



<p class="has-cyan-bluish-gray-color has-text-color has-link-color wp-elements-3ab9a7249b245a9bb53bd5264ca64961">Philippe LE PIMPEC [<em><strong>Secrétaire</strong></em>], Propriétaire du bâtiment, collectionneur, recherches historiques, élaboration du PSC.</p>



<p class="has-vivid-green-cyan-color has-text-color has-link-color wp-elements-18bb5026e4bf44a78cc22094355d3f7e">Richard DI-PIAZZA, [<em><strong>Trésorier</strong></em>] Rédacteur dossiers techniques et <strong><a href="https://www.veterans.re/index.php/plans-du-projet/">réalisation des plans 2D</a></strong>, 3D, responsable des travaux, achats des matériels.</p>



<p class="has-cyan-bluish-gray-color has-text-color has-link-color wp-elements-962b69bc97accc6b441341a711e6a6c0">Charles -Emile GONTHIER [<em><strong>Vice-Président</strong></em>], élu et responsable Défense de la Commune du Tampon, conseiller du projet, mise en œuvre.&nbsp;</p>



<p>A quoi sert l&rsquo;association ?</p>



<p>L’association &nbsp;«&nbsp; Mi aime mon musé&nbsp;» a pour objet d’entretenir la mémoire de l’Histoire auprès des générations actuelles et futures en œuvrant pour l’ouverture (par la recherche de sponsors et de fonds), la pérennisation et l’évolution d’un musée retraçant les principaux conflits du 20ème siècle&nbsp;<strong>(Première et Seconde Guerres Mondiales, Guerres de Décolonisation, OPEX)</strong>. Le musée vise également à établir des partenariats avec des écoles et des institutions éducatives pour sensibiliser les jeunes à l&rsquo;importance de la mémoire historique. Ce projet repose sur une collection privée d’une centaine d’armes neutralisées, d’uniformes, de 40 mannequins, de matériels et de documents appartenant :</p>



<p> à&nbsp;Monsieur Philippe LE PIMPEC.</p>



<p> Cette collection unique a été constituée au fil des années par des recherches approfondies et des acquisitions soigneusement choisies. Dans une démarche didactique et pédagogique l’ensemble de ces objets est accompagné d’une importante documentation et d’explications qui permettront aux visiteurs d’améliorer et d’enrichir leurs connaissances de l’Histoire.. Des événements thématiques seront également organisés régulièrement pour engager le public et stimuler des discussions sur les leçons tirées de l&rsquo;histoire.</p>



<h2 class="wp-block-heading has-text-align-center">Présentation fictive en 3D</h2>



<figure class="wp-block-embed is-type-video is-provider-youtube wp-block-embed-youtube wp-embed-aspect-16-9 wp-has-aspect-ratio"><div class="wp-block-embed__wrapper">
<iframe title="MUSEE DES VETERANS 3D Version 2026" width="500" height="281" src="https://www.youtube.com/embed/EMVHKRqhO4Y?feature=oembed" frameborder="0" allow="accelerometer; autoplay; clipboard-write; encrypted-media; gyroscope; picture-in-picture; web-share" referrerpolicy="strict-origin-when-cross-origin" allowfullscreen></iframe>
</div></figure>



<div style="height:100px" aria-hidden="true" class="wp-block-spacer"></div>



<p></p>

<p>Géolocalisation : Mi aime mon Musée 2026 Journée cohésion du 30 novembre 2025 Lancement du Projet le 7 Avril 2017 Réalisation de l&rsquo;avant projet : Étude approfondie et planification stratégique de toutes les étapes nécessaires à sa réalisation. **Nota : Dans ce site, les schémas de principe de conception des pièces de l&rsquo;avant-projet du futur musée des Vétérans ne respectent pas les proportions exactes et les figurines qui y sont représentées sont seulement indicatives et destinées à donner une idée générale des Plans du futur projet. Il est important de noter que ces illustrations servent principalement à fournir une vue&#8230; </p>
